{"id":45,"date":"2024-08-16T09:26:13","date_gmt":"2024-08-16T09:26:13","guid":{"rendered":"https:\/\/lusisofia.pl\/?page_id=45"},"modified":"2026-01-15T17:21:28","modified_gmt":"2026-01-15T17:21:28","slug":"lusi","status":"publish","type":"page","link":"https:\/\/lusisofia.pl\/index.php\/lusi\/","title":{"rendered":"LUSI Cafe Bar"},"content":{"rendered":"\n<p class=\"has-text-align-center\">G\u0142\u00f3wn\u0105 ozdob\u0105 Cafe Baru jest Lusi \u2013 grafika renesansowej mieszczki, przewrotnie pokazanej z balonem gumy do \u017cucia, kt\u00f3ra przyci\u0105ga wzrok i dodaje miejscu niepowtarzalnego charakteru. Przytulne wn\u0119trze, doskona\u0142a obs\u0142uga oraz starannie dobrane menu sprawiaj\u0105, \u017ce Lusi Cafe Bar jest idealnym miejscem na spotkanie biznesowe, z przyjaci\u00f3\u0142mi czy na randk\u0119.<\/p>\n\n\n\n<div class=\"wp-block-cover alignfull has-parallax\" style=\"padding-top:var(--wp--preset--spacing--50);padding-right:var(--wp--preset--spacing--50);padding-bottom:var(--wp--preset--spacing--50);padding-left:var(--wp--preset--spacing--50);min-height:950px;aspect-ratio:unset;\"><span aria-hidden=\"true\" class=\"wp-block-cover__background has-base-background-color has-background-dim-0 has-background-dim\"><\/span><div class=\"wp-block-cover__image-background wp-image-73 has-parallax\" style=\"background-position:50% 50%;background-image:url(http:\/\/lusisofia.pl\/wp-content\/uploads\/2024\/07\/imprezy-zamkniete.png)\"><\/div><div class=\"wp-block-cover__inner-container has-global-padding is-layout-constrained wp-container-core-cover-is-layout-1 wp-block-cover-is-layout-constrained\">\n<div style=\"height:500px\" aria-hidden=\"true\" class=\"wp-block-spacer\"><\/div>\n<\/div><\/div>\n\n\n\n<div style=\"height:12px\" aria-hidden=\"true\" class=\"wp-block-spacer\"><\/div>\n\n\n\n<div class=\"wp-block-group alignfull has-base-2-background-color has-background has-global-padding is-layout-constrained wp-container-core-group-is-layout-2 wp-block-group-is-layout-constrained\" style=\"margin-top:0;margin-bottom:0;padding-top:var(--wp--preset--spacing--50);padding-right:var(--wp--preset--spacing--50);padding-bottom:var(--wp--preset--spacing--50);padding-left:var(--wp--preset--spacing--50)\">\n<div class=\"wp-block-group is-vertical is-content-justification-center is-layout-flex wp-container-core-group-is-layout-1 wp-block-group-is-layout-flex\">\n<h2 class=\"wp-block-heading has-text-align-center is-style-asterisk\">Nasza oferta<\/h2>\n<\/div>\n\n\n\n<div style=\"margin-top:0;margin-bottom:0;height:21px\" aria-hidden=\"true\" class=\"wp-block-spacer\"><\/div>\n\n\n\n<div class=\"wp-block-columns alignwide is-layout-flex wp-container-core-columns-is-layout-1 wp-block-columns-is-layout-flex\">\n<div class=\"wp-block-column is-layout-flow wp-container-core-column-is-layout-1 wp-block-column-is-layout-flow\">\n<h3 class=\"wp-block-heading has-text-align-left is-style-asterisk has-body-font-family has-medium-font-size\" style=\"font-style:normal;font-weight:600\">\u015aniadania<\/h3>\n\n\n\n<p class=\"has-text-align-left\">W naszej ofercie znajduj\u0105 si\u0119 przepyszne \u015bniadania pozwalaj\u0105ce pozytywnie nastroi\u0107 si\u0119 na dalsz\u0105 cz\u0119\u015b\u0107 dnia.<\/p>\n<\/div>\n\n\n\n<div class=\"wp-block-column is-layout-flow wp-container-core-column-is-layout-2 wp-block-column-is-layout-flow\">\n<h3 class=\"wp-block-heading has-text-align-left is-style-asterisk has-body-font-family has-medium-font-size\" style=\"font-style:normal;font-weight:600\">Kawa<\/h3>\n\n\n\n<p class=\"has-text-align-left\">Oferujemy szeroki wyb\u00f3r kaw, kt\u00f3re zaspokoj\u0105 gusta ka\u017cdego mi\u0142o\u015bnika tego aromatycznego napoju.<\/p>\n<\/div>\n\n\n\n<div class=\"wp-block-column is-layout-flow wp-container-core-column-is-layout-3 wp-block-column-is-layout-flow\">\n<h3 class=\"wp-block-heading has-text-align-left is-style-asterisk has-body-font-family has-medium-font-size\" style=\"font-style:normal;font-weight:600\">Wino<\/h3>\n\n\n\n<p class=\"has-text-align-left\">W Lusi oferujemy starannie wyselekcjonowan\u0105 kolekcj\u0119 win. Nasza oferta obejmuje zar\u00f3wno wina czerwone, bia\u0142e, jak i r\u00f3\u017cowe, pochodz\u0105ce z renomowanych winnic z ca\u0142ego \u015bwiata.<\/p>\n<\/div>\n<\/div>\n\n\n\n<div style=\"height:var(--wp--preset--spacing--20)\" aria-hidden=\"true\" class=\"wp-block-spacer\"><\/div>\n\n\n\n<div class=\"wp-block-columns alignwide is-layout-flex wp-container-core-columns-is-layout-2 wp-block-columns-is-layout-flex\">\n<div class=\"wp-block-column is-layout-flow wp-container-core-column-is-layout-4 wp-block-column-is-layout-flow\">\n<h3 class=\"wp-block-heading has-text-align-left is-style-asterisk has-body-font-family has-medium-font-size\" style=\"font-style:normal;font-weight:600\">Tapas<\/h3>\n\n\n\n<p class=\"has-text-align-left\">W Cafe Barze serwujemy wy\u015bmienite w\u0142oskie przek\u0105ski do wina, kt\u00f3re doskonale uzupe\u0142ni\u0105 ka\u017cdy kieliszek i stworz\u0105 niezapomnian\u0105 atmosfer\u0119. Nasze tapasy to starannie wyselekcjonowane dania, kt\u00f3re przenios\u0105 Ci\u0119 wprost do s\u0142onecznej Italii.<\/p>\n<\/div>\n\n\n\n<div class=\"wp-block-column is-layout-flow wp-container-core-column-is-layout-5 wp-block-column-is-layout-flow\">\n<h3 class=\"wp-block-heading has-text-align-left is-style-asterisk has-body-font-family has-medium-font-size\" style=\"font-style:normal;font-weight:600\">Pizza<\/h3>\n\n\n\n<p class=\"has-text-align-left\">Serwujemy wy\u015bmienite pizze neapolita\u0144skie, kt\u00f3re przenios\u0105 Ci\u0119 wprost do serca W\u0142och. Ka\u017cda nasza pizza jest przygotowywana z najwy\u017cszej jako\u015bci sk\u0142adnik\u00f3w, aby zapewni\u0107 autentyczny smak i aromat.<\/p>\n<\/div>\n\n\n\n<div class=\"wp-block-column is-layout-flow wp-container-core-column-is-layout-6 wp-block-column-is-layout-flow\">\n<h3 class=\"wp-block-heading has-text-align-left is-style-asterisk has-body-font-family has-medium-font-size\" style=\"font-style:normal;font-weight:600\">Imprezy okoliczno\u015bciowe <\/h3>\n\n\n\n<p class=\"has-text-align-left\">Oferujemy mo\u017cliwo\u015b\u0107 organizacji r\u00f3\u017cnorodnych imprez okoliczno\u015bciowych. Nasza przytulna przestrze\u0144 jest idealna na wszelkiego rodzaju wydarzenia, od kameralnych spotka\u0144 po nieco wi\u0119ksze uroczysto\u015bci<\/p>\n<\/div>\n<\/div>\n<\/div>\n\n\n\n<div class=\"wp-block-group alignwide has-base-background-color has-background has-global-padding is-layout-constrained wp-container-core-group-is-layout-4 wp-block-group-is-layout-constrained\" style=\"border-radius:16px;padding-top:var(--wp--preset--spacing--40);padding-right:var(--wp--preset--spacing--50);padding-bottom:var(--wp--preset--spacing--40);padding-left:var(--wp--preset--spacing--50)\">\n<h2 class=\"wp-block-heading has-text-align-center is-style-asterisk has-x-large-font-size\">Menu<\/h2>\n\n\n\n<div class=\"wp-block-cover\"><span aria-hidden=\"true\" class=\"wp-block-cover__background has-background-dim\"><\/span><div class=\"wp-block-cover__inner-container is-layout-flow wp-block-cover-is-layout-flow\">\n<div class=\"wp-block-group has-global-padding is-layout-constrained wp-block-group-is-layout-constrained\">\n<div data-wp-interactive=\"core\/file\" class=\"wp-block-file alignwide\" style=\"margin-top:0;margin-bottom:0;padding-top:0;padding-right:0;padding-bottom:0;padding-left:0\"><object data-wp-bind--hidden=\"!state.hasPdfPreview\" hidden class=\"wp-block-file__embed\" data=\"https:\/\/lusisofia.pl\/wp-content\/uploads\/2024\/10\/LUSI-CAFE-BAR-MENU-POL.pdf\" type=\"application\/pdf\" style=\"width:100%;height:600px\" aria-label=\"Osadzone z LUSI CAFE BAR MENU POL.\"><\/object><a id=\"wp-block-file--media-bd23dc70-72fc-47a9-b633-149cd15dbf46\" href=\"https:\/\/lusisofia.pl\/wp-content\/uploads\/2024\/10\/LUSI-CAFE-BAR-MENU-POL.pdf\" target=\"_blank\" rel=\"noreferrer noopener\">LUSI CAFE BAR MENU POL<\/a><\/div>\n<\/div>\n<\/div><\/div>\n\n\n\n<div style=\"height:7px\" aria-hidden=\"true\" class=\"wp-block-spacer\"><\/div>\n\n\n\n<div data-wp-interactive=\"core\/file\" class=\"wp-block-file\" style=\"margin-top:0;margin-bottom:0;padding-top:0;padding-right:0;padding-bottom:0;padding-left:0\"><object data-wp-bind--hidden=\"!state.hasPdfPreview\" hidden class=\"wp-block-file__embed\" data=\"https:\/\/lusisofia.pl\/wp-content\/uploads\/2024\/10\/LUSI-CAFE-BAR-MENU-ENG.pdf\" type=\"application\/pdf\" style=\"width:100%;height:600px\" aria-label=\"Osadzone z LUSI CAFE BAR MENU ENG.\"><\/object><a id=\"wp-block-file--media-769fae2d-9ecc-4059-8c3a-0bcc5e0f0bdc\" href=\"https:\/\/lusisofia.pl\/wp-content\/uploads\/2024\/10\/LUSI-CAFE-BAR-MENU-ENG.pdf\" target=\"_blank\" rel=\"noreferrer noopener\">LUSI CAFE BAR MENU ENG<\/a><\/div>\n<\/div>\n\n\n\n<div class=\"wp-block-group alignwide has-global-padding is-layout-constrained wp-block-group-is-layout-constrained\">\n<h3 class=\"wp-block-heading has-text-align-center is-style-asterisk\"><strong>Galeria<\/strong><\/h3>\n\n\n\n<figure class=\"wp-block-gallery alignwide has-nested-images columns-default is-cropped wp-block-gallery-1 is-layout-flex wp-block-gallery-is-layout-flex\">\n<figure class=\"wp-block-image size-large is-style-default\"><img loading=\"lazy\" decoding=\"async\" width=\"683\" height=\"1024\" src=\"https:\/\/lusisofia.pl\/wp-content\/uploads\/2024\/08\/MG_9626-683x1024.jpg\" alt=\"\" class=\"wp-image-174\" srcset=\"https:\/\/lusisofia.pl\/wp-content\/uploads\/2024\/08\/MG_9626-683x1024.jpg 683w, https:\/\/lusisofia.pl\/wp-content\/uploads\/2024\/08\/MG_9626-200x300.jpg 200w, https:\/\/lusisofia.pl\/wp-content\/uploads\/2024\/08\/MG_9626-768x1152.jpg 768w, https:\/\/lusisofia.pl\/wp-content\/uploads\/2024\/08\/MG_9626-1024x1536.jpg 1024w, https:\/\/lusisofia.pl\/wp-content\/uploads\/2024\/08\/MG_9626.jpg 1280w\" sizes=\"auto, (max-width: 683px) 100vw, 683px\" \/><\/figure>\n\n\n\n<figure class=\"wp-block-image size-large\"><img loading=\"lazy\" decoding=\"async\" width=\"683\" height=\"1024\" src=\"https:\/\/lusisofia.pl\/wp-content\/uploads\/2024\/08\/MG_9053-683x1024.jpg\" alt=\"\" class=\"wp-image-177\" srcset=\"https:\/\/lusisofia.pl\/wp-content\/uploads\/2024\/08\/MG_9053-683x1024.jpg 683w, https:\/\/lusisofia.pl\/wp-content\/uploads\/2024\/08\/MG_9053-200x300.jpg 200w, https:\/\/lusisofia.pl\/wp-content\/uploads\/2024\/08\/MG_9053-768x1152.jpg 768w, https:\/\/lusisofia.pl\/wp-content\/uploads\/2024\/08\/MG_9053-1024x1536.jpg 1024w, https:\/\/lusisofia.pl\/wp-content\/uploads\/2024\/08\/MG_9053-1365x2048.jpg 1365w, https:\/\/lusisofia.pl\/wp-content\/uploads\/2024\/08\/MG_9053-scaled.jpg 1707w\" sizes=\"auto, (max-width: 683px) 100vw, 683px\" \/><\/figure>\n\n\n\n<figure class=\"wp-block-image size-large\"><img loading=\"lazy\" decoding=\"async\" width=\"683\" height=\"1024\" src=\"https:\/\/lusisofia.pl\/wp-content\/uploads\/2024\/08\/MG_9577-683x1024.jpg\" alt=\"\" class=\"wp-image-171\" srcset=\"https:\/\/lusisofia.pl\/wp-content\/uploads\/2024\/08\/MG_9577-683x1024.jpg 683w, https:\/\/lusisofia.pl\/wp-content\/uploads\/2024\/08\/MG_9577-200x300.jpg 200w, https:\/\/lusisofia.pl\/wp-content\/uploads\/2024\/08\/MG_9577-768x1152.jpg 768w, https:\/\/lusisofia.pl\/wp-content\/uploads\/2024\/08\/MG_9577-1024x1536.jpg 1024w, https:\/\/lusisofia.pl\/wp-content\/uploads\/2024\/08\/MG_9577.jpg 1280w\" sizes=\"auto, (max-width: 683px) 100vw, 683px\" \/><\/figure>\n\n\n\n<figure class=\"wp-block-image size-large\"><img loading=\"lazy\" decoding=\"async\" width=\"683\" height=\"1024\" src=\"https:\/\/lusisofia.pl\/wp-content\/uploads\/2024\/08\/MG_9595-683x1024.jpg\" alt=\"\" class=\"wp-image-172\" srcset=\"https:\/\/lusisofia.pl\/wp-content\/uploads\/2024\/08\/MG_9595-683x1024.jpg 683w, https:\/\/lusisofia.pl\/wp-content\/uploads\/2024\/08\/MG_9595-200x300.jpg 200w, https:\/\/lusisofia.pl\/wp-content\/uploads\/2024\/08\/MG_9595-768x1152.jpg 768w, https:\/\/lusisofia.pl\/wp-content\/uploads\/2024\/08\/MG_9595-1024x1536.jpg 1024w, https:\/\/lusisofia.pl\/wp-content\/uploads\/2024\/08\/MG_9595.jpg 1280w\" sizes=\"auto, (max-width: 683px) 100vw, 683px\" \/><\/figure>\n\n\n\n<figure class=\"wp-block-image size-large\"><img loading=\"lazy\" decoding=\"async\" width=\"683\" height=\"1024\" src=\"https:\/\/lusisofia.pl\/wp-content\/uploads\/2024\/07\/MG_9556-683x1024.jpg\" alt=\"\" class=\"wp-image-31\" srcset=\"https:\/\/lusisofia.pl\/wp-content\/uploads\/2024\/07\/MG_9556-683x1024.jpg 683w, https:\/\/lusisofia.pl\/wp-content\/uploads\/2024\/07\/MG_9556-200x300.jpg 200w, https:\/\/lusisofia.pl\/wp-content\/uploads\/2024\/07\/MG_9556-768x1152.jpg 768w, https:\/\/lusisofia.pl\/wp-content\/uploads\/2024\/07\/MG_9556-1024x1536.jpg 1024w, https:\/\/lusisofia.pl\/wp-content\/uploads\/2024\/07\/MG_9556.jpg 1280w\" sizes=\"auto, (max-width: 683px) 100vw, 683px\" \/><\/figure>\n\n\n\n<figure class=\"wp-block-image size-large\"><img loading=\"lazy\" decoding=\"async\" width=\"683\" height=\"1024\" src=\"https:\/\/lusisofia.pl\/wp-content\/uploads\/2024\/07\/MG_9281-1-683x1024.jpg\" alt=\"\" class=\"wp-image-25\" srcset=\"https:\/\/lusisofia.pl\/wp-content\/uploads\/2024\/07\/MG_9281-1-683x1024.jpg 683w, https:\/\/lusisofia.pl\/wp-content\/uploads\/2024\/07\/MG_9281-1-200x300.jpg 200w, https:\/\/lusisofia.pl\/wp-content\/uploads\/2024\/07\/MG_9281-1-768x1152.jpg 768w, https:\/\/lusisofia.pl\/wp-content\/uploads\/2024\/07\/MG_9281-1-1024x1536.jpg 1024w, https:\/\/lusisofia.pl\/wp-content\/uploads\/2024\/07\/MG_9281-1.jpg 1280w\" sizes=\"auto, (max-width: 683px) 100vw, 683px\" \/><\/figure>\n\n\n\n<figure class=\"wp-block-image size-large\"><img loading=\"lazy\" decoding=\"async\" width=\"683\" height=\"1024\" src=\"https:\/\/lusisofia.pl\/wp-content\/uploads\/2024\/07\/MG_9340-683x1024.jpg\" alt=\"\" class=\"wp-image-24\" srcset=\"https:\/\/lusisofia.pl\/wp-content\/uploads\/2024\/07\/MG_9340-683x1024.jpg 683w, https:\/\/lusisofia.pl\/wp-content\/uploads\/2024\/07\/MG_9340-200x300.jpg 200w, https:\/\/lusisofia.pl\/wp-content\/uploads\/2024\/07\/MG_9340-768x1152.jpg 768w, https:\/\/lusisofia.pl\/wp-content\/uploads\/2024\/07\/MG_9340-1024x1536.jpg 1024w, https:\/\/lusisofia.pl\/wp-content\/uploads\/2024\/07\/MG_9340.jpg 1280w\" sizes=\"auto, (max-width: 683px) 100vw, 683px\" \/><\/figure>\n\n\n\n<figure class=\"wp-block-image size-large\"><img loading=\"lazy\" decoding=\"async\" width=\"683\" height=\"1024\" src=\"https:\/\/lusisofia.pl\/wp-content\/uploads\/2024\/07\/MG_9287-683x1024.jpg\" alt=\"\" class=\"wp-image-22\" srcset=\"https:\/\/lusisofia.pl\/wp-content\/uploads\/2024\/07\/MG_9287-683x1024.jpg 683w, https:\/\/lusisofia.pl\/wp-content\/uploads\/2024\/07\/MG_9287-200x300.jpg 200w, https:\/\/lusisofia.pl\/wp-content\/uploads\/2024\/07\/MG_9287-768x1152.jpg 768w, https:\/\/lusisofia.pl\/wp-content\/uploads\/2024\/07\/MG_9287-1024x1536.jpg 1024w, https:\/\/lusisofia.pl\/wp-content\/uploads\/2024\/07\/MG_9287.jpg 1280w\" sizes=\"auto, (max-width: 683px) 100vw, 683px\" \/><\/figure>\n\n\n\n<figure class=\"wp-block-image size-large\"><img loading=\"lazy\" decoding=\"async\" width=\"1024\" height=\"683\" src=\"https:\/\/lusisofia.pl\/wp-content\/uploads\/2024\/08\/MG_9389-1024x683.jpg\" alt=\"\" class=\"wp-image-170\" srcset=\"https:\/\/lusisofia.pl\/wp-content\/uploads\/2024\/08\/MG_9389-1024x683.jpg 1024w, https:\/\/lusisofia.pl\/wp-content\/uploads\/2024\/08\/MG_9389-300x200.jpg 300w, https:\/\/lusisofia.pl\/wp-content\/uploads\/2024\/08\/MG_9389-768x512.jpg 768w, https:\/\/lusisofia.pl\/wp-content\/uploads\/2024\/08\/MG_9389-1536x1024.jpg 1536w, https:\/\/lusisofia.pl\/wp-content\/uploads\/2024\/08\/MG_9389.jpg 1920w\" sizes=\"auto, (max-width: 1024px) 100vw, 1024px\" \/><\/figure>\n\n\n\n<figure class=\"wp-block-image size-large\"><img loading=\"lazy\" decoding=\"async\" width=\"683\" height=\"1024\" src=\"https:\/\/lusisofia.pl\/wp-content\/uploads\/2024\/08\/MG_9415-683x1024.jpg\" alt=\"\" class=\"wp-image-182\" srcset=\"https:\/\/lusisofia.pl\/wp-content\/uploads\/2024\/08\/MG_9415-683x1024.jpg 683w, https:\/\/lusisofia.pl\/wp-content\/uploads\/2024\/08\/MG_9415-200x300.jpg 200w, https:\/\/lusisofia.pl\/wp-content\/uploads\/2024\/08\/MG_9415-768x1152.jpg 768w, https:\/\/lusisofia.pl\/wp-content\/uploads\/2024\/08\/MG_9415-1024x1536.jpg 1024w, https:\/\/lusisofia.pl\/wp-content\/uploads\/2024\/08\/MG_9415-1365x2048.jpg 1365w, https:\/\/lusisofia.pl\/wp-content\/uploads\/2024\/08\/MG_9415-scaled.jpg 1707w\" sizes=\"auto, (max-width: 683px) 100vw, 683px\" \/><\/figure>\n\n\n\n<figure class=\"wp-block-image size-large\"><img loading=\"lazy\" decoding=\"async\" width=\"683\" height=\"1024\" src=\"https:\/\/lusisofia.pl\/wp-content\/uploads\/2024\/08\/MG_9364-683x1024.jpg\" alt=\"\" class=\"wp-image-181\" srcset=\"https:\/\/lusisofia.pl\/wp-content\/uploads\/2024\/08\/MG_9364-683x1024.jpg 683w, https:\/\/lusisofia.pl\/wp-content\/uploads\/2024\/08\/MG_9364-200x300.jpg 200w, https:\/\/lusisofia.pl\/wp-content\/uploads\/2024\/08\/MG_9364-768x1152.jpg 768w, https:\/\/lusisofia.pl\/wp-content\/uploads\/2024\/08\/MG_9364-1024x1536.jpg 1024w, https:\/\/lusisofia.pl\/wp-content\/uploads\/2024\/08\/MG_9364-1365x2048.jpg 1365w, https:\/\/lusisofia.pl\/wp-content\/uploads\/2024\/08\/MG_9364-scaled.jpg 1707w\" sizes=\"auto, (max-width: 683px) 100vw, 683px\" \/><\/figure>\n\n\n\n<figure class=\"wp-block-image size-large\"><img loading=\"lazy\" decoding=\"async\" width=\"683\" height=\"1024\" src=\"https:\/\/lusisofia.pl\/wp-content\/uploads\/2024\/07\/MG_9033-683x1024.jpg\" alt=\"\" class=\"wp-image-12\" srcset=\"https:\/\/lusisofia.pl\/wp-content\/uploads\/2024\/07\/MG_9033-683x1024.jpg 683w, https:\/\/lusisofia.pl\/wp-content\/uploads\/2024\/07\/MG_9033-200x300.jpg 200w, https:\/\/lusisofia.pl\/wp-content\/uploads\/2024\/07\/MG_9033-768x1152.jpg 768w, https:\/\/lusisofia.pl\/wp-content\/uploads\/2024\/07\/MG_9033-1024x1536.jpg 1024w, https:\/\/lusisofia.pl\/wp-content\/uploads\/2024\/07\/MG_9033-1365x2048.jpg 1365w, https:\/\/lusisofia.pl\/wp-content\/uploads\/2024\/07\/MG_9033-scaled.jpg 1707w\" sizes=\"auto, (max-width: 683px) 100vw, 683px\" \/><\/figure>\n\n\n\n<figure class=\"wp-block-image size-large\"><img loading=\"lazy\" decoding=\"async\" width=\"683\" height=\"1024\" src=\"https:\/\/lusisofia.pl\/wp-content\/uploads\/2024\/08\/MG_9311-683x1024.jpg\" alt=\"\" class=\"wp-image-180\" srcset=\"https:\/\/lusisofia.pl\/wp-content\/uploads\/2024\/08\/MG_9311-683x1024.jpg 683w, https:\/\/lusisofia.pl\/wp-content\/uploads\/2024\/08\/MG_9311-200x300.jpg 200w, https:\/\/lusisofia.pl\/wp-content\/uploads\/2024\/08\/MG_9311-768x1152.jpg 768w, https:\/\/lusisofia.pl\/wp-content\/uploads\/2024\/08\/MG_9311-1024x1536.jpg 1024w, https:\/\/lusisofia.pl\/wp-content\/uploads\/2024\/08\/MG_9311-1365x2048.jpg 1365w, https:\/\/lusisofia.pl\/wp-content\/uploads\/2024\/08\/MG_9311-scaled.jpg 1707w\" sizes=\"auto, (max-width: 683px) 100vw, 683px\" \/><\/figure>\n\n\n\n<figure class=\"wp-block-image size-large\"><img loading=\"lazy\" decoding=\"async\" width=\"683\" height=\"1024\" src=\"https:\/\/lusisofia.pl\/wp-content\/uploads\/2024\/07\/MG_9312-683x1024.jpg\" alt=\"\" class=\"wp-image-23\" srcset=\"https:\/\/lusisofia.pl\/wp-content\/uploads\/2024\/07\/MG_9312-683x1024.jpg 683w, https:\/\/lusisofia.pl\/wp-content\/uploads\/2024\/07\/MG_9312-200x300.jpg 200w, https:\/\/lusisofia.pl\/wp-content\/uploads\/2024\/07\/MG_9312-768x1152.jpg 768w, https:\/\/lusisofia.pl\/wp-content\/uploads\/2024\/07\/MG_9312-1024x1536.jpg 1024w, https:\/\/lusisofia.pl\/wp-content\/uploads\/2024\/07\/MG_9312.jpg 1280w\" sizes=\"auto, (max-width: 683px) 100vw, 683px\" \/><\/figure>\n\n\n\n<figure class=\"wp-block-image size-large\"><img loading=\"lazy\" decoding=\"async\" width=\"683\" height=\"1024\" src=\"https:\/\/lusisofia.pl\/wp-content\/uploads\/2024\/07\/MG_7726-683x1024.jpg\" alt=\"\" class=\"wp-image-36\" srcset=\"https:\/\/lusisofia.pl\/wp-content\/uploads\/2024\/07\/MG_7726-683x1024.jpg 683w, https:\/\/lusisofia.pl\/wp-content\/uploads\/2024\/07\/MG_7726-200x300.jpg 200w, https:\/\/lusisofia.pl\/wp-content\/uploads\/2024\/07\/MG_7726-768x1152.jpg 768w, https:\/\/lusisofia.pl\/wp-content\/uploads\/2024\/07\/MG_7726-1024x1536.jpg 1024w, https:\/\/lusisofia.pl\/wp-content\/uploads\/2024\/07\/MG_7726-1366x2048.jpg 1366w, https:\/\/lusisofia.pl\/wp-content\/uploads\/2024\/07\/MG_7726-scaled.jpg 1707w\" sizes=\"auto, (max-width: 683px) 100vw, 683px\" \/><\/figure>\n\n\n\n<figure class=\"wp-block-image size-large\"><img loading=\"lazy\" decoding=\"async\" width=\"683\" height=\"1024\" src=\"https:\/\/lusisofia.pl\/wp-content\/uploads\/2024\/08\/MG_9114-683x1024.jpg\" alt=\"\" class=\"wp-image-178\" srcset=\"https:\/\/lusisofia.pl\/wp-content\/uploads\/2024\/08\/MG_9114-683x1024.jpg 683w, https:\/\/lusisofia.pl\/wp-content\/uploads\/2024\/08\/MG_9114-200x300.jpg 200w, https:\/\/lusisofia.pl\/wp-content\/uploads\/2024\/08\/MG_9114-768x1152.jpg 768w, https:\/\/lusisofia.pl\/wp-content\/uploads\/2024\/08\/MG_9114-1024x1536.jpg 1024w, https:\/\/lusisofia.pl\/wp-content\/uploads\/2024\/08\/MG_9114-1365x2048.jpg 1365w, https:\/\/lusisofia.pl\/wp-content\/uploads\/2024\/08\/MG_9114-scaled.jpg 1707w\" sizes=\"auto, (max-width: 683px) 100vw, 683px\" \/><\/figure>\n\n\n\n<figure class=\"wp-block-image size-large\"><img loading=\"lazy\" decoding=\"async\" width=\"683\" height=\"1024\" src=\"https:\/\/lusisofia.pl\/wp-content\/uploads\/2024\/08\/MG_9165-683x1024.jpg\" alt=\"\" class=\"wp-image-179\" srcset=\"https:\/\/lusisofia.pl\/wp-content\/uploads\/2024\/08\/MG_9165-683x1024.jpg 683w, https:\/\/lusisofia.pl\/wp-content\/uploads\/2024\/08\/MG_9165-200x300.jpg 200w, https:\/\/lusisofia.pl\/wp-content\/uploads\/2024\/08\/MG_9165-768x1152.jpg 768w, https:\/\/lusisofia.pl\/wp-content\/uploads\/2024\/08\/MG_9165-1024x1536.jpg 1024w, https:\/\/lusisofia.pl\/wp-content\/uploads\/2024\/08\/MG_9165-1365x2048.jpg 1365w, https:\/\/lusisofia.pl\/wp-content\/uploads\/2024\/08\/MG_9165-scaled.jpg 1707w\" sizes=\"auto, (max-width: 683px) 100vw, 683px\" \/><\/figure>\n\n\n\n<figure class=\"wp-block-image size-large\"><img loading=\"lazy\" decoding=\"async\" width=\"683\" height=\"1024\" src=\"https:\/\/lusisofia.pl\/wp-content\/uploads\/2024\/08\/MG_4423-683x1024.jpg\" alt=\"\" class=\"wp-image-219\" srcset=\"https:\/\/lusisofia.pl\/wp-content\/uploads\/2024\/08\/MG_4423-683x1024.jpg 683w, https:\/\/lusisofia.pl\/wp-content\/uploads\/2024\/08\/MG_4423-200x300.jpg 200w, https:\/\/lusisofia.pl\/wp-content\/uploads\/2024\/08\/MG_4423-768x1152.jpg 768w, https:\/\/lusisofia.pl\/wp-content\/uploads\/2024\/08\/MG_4423-1024x1536.jpg 1024w, https:\/\/lusisofia.pl\/wp-content\/uploads\/2024\/08\/MG_4423.jpg 1365w\" sizes=\"auto, (max-width: 683px) 100vw, 683px\" \/><\/figure>\n\n\n\n<figure class=\"wp-block-image size-large\"><img loading=\"lazy\" decoding=\"async\" width=\"683\" height=\"1024\" src=\"https:\/\/lusisofia.pl\/wp-content\/uploads\/2024\/08\/MG_4640-683x1024.jpg\" alt=\"\" class=\"wp-image-216\" srcset=\"https:\/\/lusisofia.pl\/wp-content\/uploads\/2024\/08\/MG_4640-683x1024.jpg 683w, https:\/\/lusisofia.pl\/wp-content\/uploads\/2024\/08\/MG_4640-200x300.jpg 200w, https:\/\/lusisofia.pl\/wp-content\/uploads\/2024\/08\/MG_4640-768x1152.jpg 768w, https:\/\/lusisofia.pl\/wp-content\/uploads\/2024\/08\/MG_4640-1024x1536.jpg 1024w, https:\/\/lusisofia.pl\/wp-content\/uploads\/2024\/08\/MG_4640.jpg 1365w\" sizes=\"auto, (max-width: 683px) 100vw, 683px\" \/><\/figure>\n\n\n\n<figure class=\"wp-block-image size-large\"><img loading=\"lazy\" decoding=\"async\" width=\"683\" height=\"1024\" src=\"https:\/\/lusisofia.pl\/wp-content\/uploads\/2024\/08\/MG_4753-683x1024.jpg\" alt=\"\" class=\"wp-image-218\" srcset=\"https:\/\/lusisofia.pl\/wp-content\/uploads\/2024\/08\/MG_4753-683x1024.jpg 683w, https:\/\/lusisofia.pl\/wp-content\/uploads\/2024\/08\/MG_4753-200x300.jpg 200w, https:\/\/lusisofia.pl\/wp-content\/uploads\/2024\/08\/MG_4753-768x1152.jpg 768w, https:\/\/lusisofia.pl\/wp-content\/uploads\/2024\/08\/MG_4753-1024x1536.jpg 1024w, https:\/\/lusisofia.pl\/wp-content\/uploads\/2024\/08\/MG_4753.jpg 1365w\" sizes=\"auto, (max-width: 683px) 100vw, 683px\" \/><\/figure>\n<\/figure>\n<\/div>\n\n\n\n<div class=\"wp-block-group has-global-padding is-layout-constrained wp-container-core-group-is-layout-7 wp-block-group-is-layout-constrained\" style=\"margin-top:0;margin-bottom:0;padding-top:var(--wp--preset--spacing--50);padding-right:var(--wp--preset--spacing--50);padding-bottom:var(--wp--preset--spacing--50);padding-left:var(--wp--preset--spacing--50)\">\n<div class=\"wp-block-group alignwide has-base-background-color has-background has-global-padding is-layout-constrained wp-container-core-group-is-layout-6 wp-block-group-is-layout-constrained\" style=\"border-radius:16px;padding-top:var(--wp--preset--spacing--40);padding-right:var(--wp--preset--spacing--50);padding-bottom:var(--wp--preset--spacing--40);padding-left:var(--wp--preset--spacing--50)\">\n<h2 class=\"wp-block-heading has-text-align-center is-style-default has-x-large-font-size\">Kontakt<\/h2>\n\n\n\n<div style=\"height:8px\" aria-hidden=\"true\" class=\"wp-block-spacer\"><\/div>\n\n\n\n<p class=\"has-text-align-center\">531 647 553<\/p>\n\n\n\n<div style=\"height:8px\" aria-hidden=\"true\" class=\"wp-block-spacer\"><\/div>\n\n\n\n<p class=\"has-text-align-center\">Ul. \u015aw. Wojciech 21<\/p>\n\n\n\n<p class=\"has-text-align-center\">61-749 Pozna\u0144<\/p>\n<\/div>\n<\/div>\n","protected":false},"excerpt":{"rendered":"<p>G\u0142\u00f3wn\u0105 ozdob\u0105 Cafe Baru jest Lusi \u2013 grafika renesansowej mieszczki, przewrotnie pokazanej z balonem gumy do \u017cucia, kt\u00f3ra przyci\u0105ga wzrok i dodaje miejscu niepowtarzalnego charakteru. Przytulne wn\u0119trze, doskona\u0142a obs\u0142uga oraz starannie dobrane menu sprawiaj\u0105, \u017ce Lusi Cafe Bar jest idealnym miejscem na spotkanie biznesowe, z przyjaci\u00f3\u0142mi czy na randk\u0119. Nasza oferta \u015aniadania W naszej ofercie [&hellip;]<\/p>\n","protected":false},"author":1,"featured_media":182,"parent":0,"menu_order":0,"comment_status":"closed","ping_status":"closed","template":"","meta":{"footnotes":""},"class_list":["post-45","page","type-page","status-publish","has-post-thumbnail","hentry"],"_links":{"self":[{"href":"https:\/\/lusisofia.pl\/index.php\/wp-json\/wp\/v2\/pages\/45","targetHints":{"allow":["GET"]}}],"collection":[{"href":"https:\/\/lusisofia.pl\/index.php\/wp-json\/wp\/v2\/pages"}],"about":[{"href":"https:\/\/lusisofia.pl\/index.php\/wp-json\/wp\/v2\/types\/page"}],"author":[{"embeddable":true,"href":"https:\/\/lusisofia.pl\/index.php\/wp-json\/wp\/v2\/users\/1"}],"replies":[{"embeddable":true,"href":"https:\/\/lusisofia.pl\/index.php\/wp-json\/wp\/v2\/comments?post=45"}],"version-history":[{"count":30,"href":"https:\/\/lusisofia.pl\/index.php\/wp-json\/wp\/v2\/pages\/45\/revisions"}],"predecessor-version":[{"id":293,"href":"https:\/\/lusisofia.pl\/index.php\/wp-json\/wp\/v2\/pages\/45\/revisions\/293"}],"wp:featuredmedia":[{"embeddable":true,"href":"https:\/\/lusisofia.pl\/index.php\/wp-json\/wp\/v2\/media\/182"}],"wp:attachment":[{"href":"https:\/\/lusisofia.pl\/index.php\/wp-json\/wp\/v2\/media?parent=45"}],"curies":[{"name":"wp","href":"https:\/\/api.w.org\/{rel}","templated":true}]}}